3?
239
Calculate the remainder when 549815 is divided by 164.
87
What is the remainder when 169084 is divided by 28120?
364
What is the remainder when 3240933 is divided by 1099?
1081
Calculate the remainder when 105576 is divided by 528.
504
Calculate the remainder when 345629903 is divided by 17281495.
3
Calculate the remainder when 588315 is divided by 5826.
5715
What is the remainder when 641181 is divided by 213516?
633
What is the remainder when 2321660 is divided by 847?
33
Calculate the remainder when 351824 is divided by 58467.
1022
What is the remainder when 3414063 is divided by 316?
315
Calculate the remainder when 5224314 is divided by 5.
4
What is the remainder when 20622660 is divided by 850?
810
What is the remainder when 11039 is divided by 2879?
2402
Calculate the remainder when 154801 is divided by 7349.
472
What is the remainder when 5202730 is divided by 1046?
972
Calculate the remainder when 6429474 is divided by 2302.
2290
What is the remainder when 7274150 is divided by 98299?
24
What is the remainder when 567859 is divided by 91?
19
Calculate the remainder when 124824 is divided by 607.
389
Calculate the remainder when 391041 is divided by 16275.
441
Calculate the remainder when 1791387 is divided by 15554.
2677
What is the remainder when 1124533 is divided by 1055?
958
Calculate the remainder when 306201 is divided by 59.
50
Calculate the remainder when 5224 is divided by 66.
10
Calculate the remainder when 504651 is divided by 50464.
11
What is the remainder when 2357915 is divided by 1178702?
511
Calculate the remainder when 786977 is divided by 512.
33
What is the remainder when 4756660 is divided by 2170?
20
Calculate the remainder when 1877506 is divided by 56894.
4
What is the remainder when 1103171 is divided by 122572?
23
What is the remainder when 638204 is divided by 5194?
4536
What is the remainder when 115576 is divided by 38142?
1150
What is the remainder when 899313635 is divided by 767?
766
What is the remainder when 3093420 is divided by 404?
396
What is the remainder when 13155073 is divided by 4385013?
34
Calculate the remainder when 61637023 is divided by 36.
19
What is the remainder when 18647 is divided by 5312?
2711
Calculate the remainder when 38895958 is divided by 158.
150
What is the remainder when 749516 is divided by 25845?
11
Calculate the remainder when 54156385 is divided by 6825.
10
Calculate the remainder when 1150108 is divided by 3151.
3144
Calculate the remainder when 666172 is divided by 529.
161
Calculate the remainder when 183113045 is divided by 61037680.
5
Calculate the remainder when 112617664 is divided by 59.
57
What is the remainder when 46614431 is divided by 23307190?
51
What is the remainder when 107858 is divided by 21392?
898
Calculate the remainder when 39553892 is divided by 3416.
28
Calculate the remainder when 2092226 is divided by 149441.
52
What is the remainder when 1567120 is divided by 17?
9
Calculate the remainder when 306889 is divided by 31.
20
What is the remainder when 16172665 is divided by 956?
13
Calculate the remainder when 349525834 is divided by 116508609.
7
Calculate the remainder when 27947259 is divided by 22.
21
Calculate the remainder when 1787032 is divided by 5399.
5362
What is the remainder when 431552 is divided by 7577?
7240
What is the remainder when 1333158 is divided by 8?
6
What is the remainder when 18513796 is divided by 280512?
4
What is the remainder when 2559418 is divided by 4628?
134
What is the remainder when 666866 is divided by 113?
53
What is the remainder when 9666016 is divided by 3222004?
4
What is the remainder when 24633289 is divided by 33?
10
Calculate the remainder when 45144 is divided by 4435.
794
Calculate the remainder when 73904 is divided by 648.
32
What is the remainder when 3392276 is divided by 1696137?
2
Calculate the remainder when 30671 is divided by 30.
11
What is the remainder when 109266 is divided by 26368?
3794
Calculate the remainder when 5883891 is divided by 44.
35
Calculate the remainder when 18914778 is divided by 98.
92
Calculate the remainder when 39393353 is divided by 98.
97
Calculate the remainder when 88860 is divided by 22215.
0
What is the remainder when 45955 is divided by 535?
480
What is the remainder when 3403390 is divided by 8142?
34
What is the remainder when 13011182 is divided by 650559?
2
What is the remainder when 26433837 is divided by 10582?
1
What is the remainder when 124672 is divided by 1797?
679
Calculate the remainder when 3027575 is divided by 8.
7
Calculate the remainder when 378443 is divided by 126032.
347
What is the remainder when 9725501 is divided by 6445?
6441
What is the remainder when 3050922 is divided by 1421?
35
Calculate the remainder when 12496708 is divided by 19196.
112
What is the remainder when 13296155 is divided by 27135?
5
What is the remainder when 21202833 is divided by 92?
53
What is the remainder when 13393504 is divided by 37?
22
What is the remainder when 859942 is divided by 455?
447
What is the remainder when 1121473 is divided by 2928?
49
Calculate the remainder when 53922 is divided by 17711.
789
What is the remainder when 12669731 is divided by 22?
19
Calculate the remainder when 127122 is divided by 255.
132
Calculate the remainder when 690678406 is divided by 3108.
3106
What is the remainder when 83892 is divided by 1118?
42
Calculate the remainder when 2062 is divided by 336.
46
What is the remainder when 4331915 is divided by 618769?
532
What is the remainder when 346865 is divided by 149?
142
Calculate the remainder when 150536 is divided by 633.
515
What is the remainder when 768568 is divided by 66?
64
Calculate the remainder when 101398 is divided by 121.
0
What is the remainder when 18451588 is divided by 384?
4
What is the remainder when 20561843 is divided by 437486?
1
What is the remainder when 67342 is divided by 408?
22
Calculate the remainder when 72009 is divided by 1243.
1158
What is the remainder when 3792857 is divided by 20?
17
Calculate the remainder when 22989 is divided by 21890.
1099
What is the remainder when 33102830 is divided by 21247?
4
Calculate the remainder when 2162921 is divided by 1336.
1273
What is the remainder when 46103843 is divided by 6148?
6139
What is the remainder when 43436829 is divided by 1730?
1719
Calculate the remainder when 1139815 is divided by 284953.
3
What is the remainder when 96335 is divided by 1413?
251
Calculate the remainder when 408967 is divided by 204176.
615
What is the remainder when 1202451019 is divided by 1070?
1069
Calculate the remainder when 129385 is divided by 856.
129
What is the remainder when 38141181 is divided by 24639?
9
Calculate the remainder when 3324985 is divided by 86.
53
Calculate the remainder when 724334 is divided by 342.
320
What is the remainder when 8144694 is divided by 695?
684
Calculate the remainder when 21684148 is divided by 450.
448
What is the remainder when 35339412 is divided by 995?
992
What is the remainder when 12763401 is divided by 1115?
1111
What is the remainder when 1230988 is divided by 553?
10
What is the remainder when 10646897 is divided by 1291?
20
What is the remainder when 76208 is divided by 4331?
2581
Calculate the remainder when 80211590 is divided by 17.
14
What is the remainder when 4788048 is divided by 98?
62
Calculate the remainder when 4600589 is divided by 95845.
29
Calculate the remainder when 141276 is divided by 8821.
140
What is the remainder when 1201814 is divided by 60?
14
Calculate the remainder when 10021922 is divided by 231.
218
What is the remainder when 277388403 is divided by 296?
291
What is the remainder when 296797 is divided by 59?
27
Calculate the remainder when 1553331 is divided by 7614.
75
Calculate the remainder when 128189 is divided by 2331.
2315
What is the remainder when 2795186 is divided by 483?
65
Calculate the remainder when 2336172 is divided by 584029.
56
Calculate the remainder when 112168516 is divided by 332.
324
What is the remainder when 1086015 is divided by 217187?
80
What is the remainder when 2922722 is divided by 799?
779
What is the remainder when 5178674 is divided by 3101?
4
Calculate the remainder when 6817946 is divided by 136.
130
Calculate the remainder wh